. Let b(f) = 4*f**2 + 3*f + 1. Let g be b(-2). Suppose 3*q = -3*c - 21, g = -0*q - 5*q + 3*c. Give w(q).
-8
Suppose u - 6*u = -5*r - 20, -4*r - u - 21 = 0. Let l(s) = -s**3 - 6*s**2 - 6*s. Give l(r).
5
Let g(s) = s**3 + 6*s**2 - 3. Let y be 54/(-12) + (-3)/2. What is g(y)?
-3
Let t(f) = -f**2 - 8. Suppose 2 = 3*k + 5. Let n = 2 - k. Suppose p = -4*r - 16, -4 = -n*p + 4*p + r. Calculate t(p).
-8
Let w be 6 - (-6 + 3)/(-1). Let l = w - 0. Suppose -3 - 9 = -l*h. Let x(g) = g**3 - 3*g**2 - 3*g. Give x(h).
4
Suppose -3*j + 0 = 6. Let s(v) = v + 1. Give s(j).
-1
Let a(d) = 0*d**2 - d - d**2 + 10*d + 2*d**2 - 7. Give a(-9).
-7
Let d(q) = -q - 2. Suppose -2*o + 1 = -5. Suppose -4*w = -4*p - 16, -24 = o*p - 3*w + 6*w. Give d(p).
4
Suppose 5*q = -2*j + 21, 4*j + 3*q = -q + 24. Let x(z) = j*z - 2*z + 4*z - 6*z - 4. What is x(5)?
-9
Suppose 3*i + 7 = -5*n, 5*i + 7 = -4*n - 9. Let q(s) = -s**2 - 7*s + 2. Let w(f) = -f. Let k(h) = n*w(h) - q(h). Determine k(-6).
-2
Let v(s) = s**3 - 2*s**2 - 4*s + 1. Let c be (-45)/(-12) + (-18)/24. Determine v(c).
-2
Let d(t) = -t**3 - t**2 + t + 9. Let a(g) = 3*g + g**2 - 6 + 3*g - g. Let b be a(-6). Determine d(b).
9
Let h(v) be the second derivative of -v**5/20 - 13*v**4/12 - 7*v**3/3 - 15*v**2/2 - 2*v - 51. Determine h(-12).
9
Let g(b) be the second derivative of -b**3/6 + 7*b**2/2 - 4*b. Let r = -28 - -34. Give g(r).
1
Suppose i - 6*i = 10. Let k(u) = u - 1. Determine k(i).
-3
Let v(k) be the first derivative of -k**4/4 - k**3/3 + k**2/2 - 6*k + 10. Let c be -1 - (-1 + (-1 - -1)). Calculate v(c).
-6
Let a(t) = -2*t. Suppose -16 = 4*h + i, -5*h - 19 = 2*i - i. Let f be 2/(-3)*(-6)/4. Let p = f + h. Determine a(p).
4
Suppose 2*p + 9 = -q, -4*p - 24 + 9 = 5*q. Let u(w) be the first derivative of 1/2*w**4 + 0*w**3 + w - w**2 + 1. Give u(q).
1
Let j(u) = -8*u + 6*u - 2 - 8 + 3*u. What is j(7)?
-3
Let p(c) be the third derivative of c**8/20160 + c**6/720 + c**5/20 + 7*c**2. Let q(y) be the third derivative of p(y). Calculate q(-1).
2
Let b(u) be the second derivative of u + 1/2*u**2 - 1/6*u**3 - 1/6*u**4 - 1/60*u**5 + 0. Let y(z) be the first derivative of b(z). Determine y(-4).
-1
Let f be ((-6)/(-4))/(18/12). Let t(j) = f + 3 + j + 2. What is t(6)?
12
Let o(i) = -4*i - 2*i + 0*i**2 + 3 - i**2. Suppose 0 = -m + 2*m + 5. Give o(m).
8
Let j = 21 - 16. Let p(g) = -3*g**3 + 7*g**2 - 29*g - 3. Let b(k) = k**3 - 2*k**2 + 10*k + 1. Let w(t) = 11*b(t) + 4*p(t). Give w(j).
-6
Let x(g) = g - 1. Suppose -3 - 9 = 4*o. Let m be -4*o/(-6)*-1. Suppose -4*i - 16 = -m*c, 3*i - 2*i = -2*c - 4. What is x(i)?
-5
Let r(n) = -5*n**3 - 3*n**2 + 6*n + 3. Let i(k) = -k**3 - k**2 + k + 1. Let s(a) = a. Let w be s(-1). Let c(p) = w*r(p) + 6*i(p). What is c(-3)?
3
Let j = 6 + -3. Let w(k) = 16*k**3 + 4*k**2 + k - 3. Let o(n) = -17*n**3 - 5*n**2 - n + 4. Let m(p) = j*o(p) + 4*w(p). Give m(-1).
-13
Let b(g) = g**3 + 4*g**2 - 3. Let v(p) = 3*p**3 + p**2 - 1. Let a be v(-1). Calculate b(a).
6
Let v(n) = -7*n**2 + 11*n - 8. Let j(q) = -12*q**2 + 22*q - 16. Let g(k) = -3*j(k) + 5*v(k). Calculate g(11).
8
Let y(s) = s**3 - 3*s**2 + s + 3. Suppose 11 = -5*h + 81. Suppose 0*t + h = 5*p - t, -2*p = -4*t - 2. Determine y(p).
6
Let r(q) = q**3 + 10*q**2 + 8*q - 6. Suppose 8*g = 2*g - 54. Give r(g).
3
Let w = 1/14 - -2/21. Let o(n) be the second derivative of 0 + 1/20*n**5 - 2/3*n**3 - w*n**4 + n**2 - n. Give o(3).
-1
Let s(y) be the second derivative of -y**4/12 - 5*y**3/6 + 3*y**2 - 10*y. Calculate s(-7).
-8
Let q(s) = 6*s**3 - 3*s**3 + 1 + 2*s + 4*s**2 - 2*s**3. Let f be q(-2). Let o(y) = 3 - f + y + 4. Determine o(-5).
-3
Let x(j) = 3 + 2 - 1 + j. Suppose -d + 6*d - 15 = 0. Suppose 4*t - 5 + 13 = -d*g, 0 = -4*g - 2*t - 14. Give x(g).
0
Let c(f) = -f**2 + 6*f + 10. Suppose 4*p = 3*p + 3. Let s(g) = -2*g**2 + 13*g + 21. Let r(a) = p*s(a) - 7*c(a). Determine r(5).
3
Let a(z) = -z. Let w(v) = -3*v + 3. Let m(k) = 4*a(k) - w(k). Let c be m(-3). Let y(l) = -l + 8. What is y(c)?
8
Suppose 0 = 2*q - 4*z - 8, 9 = q + 2*q - 5*z. Let b(u) = u**3 + 2*u**2 - u - 5. Let c(r) = r**3 + 2*r**2 - 4. Let k(w) = 2*b(w) - 3*c(w). What is k(q)?
6
Let p(a) = a - 4 + a**2 + 6 + 5. Determine p(0).
7
Let p(t) = 3*t**2 - 8*t - 4. Let z(l) = 4*l**2 - 9*l - 4. Let h(s) = -5*p(s) + 4*z(s). What is h(-3)?
1
Let z(h) = 69*h**2 - 5*h - 9. Let b(s) = -17*s**2 + s + 2. Let v(c) = 9*b(c) + 2*z(c). Calculate v(1).
-16
Let h(m) = -m**2 + m + 1. Let k(c) = -6*c**2 + 5*c + 4. Let z(f) = 4*h(f) - k(f). Give z(-1).
3
Let v(o) be the second derivative of o**4/12 + 7*o**3/6 + 2*o**2 + 5*o. Determine v(-7).
4
Let n(z) = -z**3 - 3*z**2 + 4. Let g be n(-2). Let h(d) = -d**3 - d**2 + d - 3. Give h(g).
-3
Let s(f) = f + 3. Let p(a) = -a - 20. Let n be p(-14). Let x be n*3/12*2. Determine s(x).
0
Let h = 16 - 22. Let q be -3 - (h/(-3) - 1). Let i(r) = -2*r. Give i(q).
8
Let u(n) = -12*n**3 - n**2. Let f = 56 + -57. Determine u(f).
11
Let o(v) be the first derivative of -1/3*v**3 + 5 + 3*v**2 - v. Determine o(5).
4
Let k = -101 - -107. Let v(y) = -y**3 + 5*y**2 + 7*y + 3. Determine v(k).
9
Suppose 1 = 3*n - 5. Let q(p) = p - 2 - 2 - n*p. What is q(0)?
-4
Let v be 22/(-6) + 8/12. Let n(y) = -4*y - 4. What is n(v)?
8
Suppose -8 = -3*v - 2. Let o(z) = -z**3 - z**2 - 2*z - 2. Let m be o(-2). Let h(u) = -5*u + u**v + m - u + u. Determine h(4).
2
Suppose 0 = 2*l + 1 - 7. Let f be 2/l - 2/(-6). Let w(r) = -3*r**2 + 4*r + 2. Let m(p) = -3*p**2 + 5*p + 3. Let v(y) = 3*m(y) - 4*w(y). What is v(f)?
3
Let o(d) = -6*d + 5*d + 16 - 19. Calculate o(-5).
2
Let f(i) = -i - 3. Let l be f(-4). Let x(t) be the second derivative of -t**3 + 4*t. Determine x(l).
-6
Let t(p) = -p**3 + 4*p**2 + 6*p - 6. Suppose -6*x + 9*x = 39. Suppose -5*s - 40 = -4*o, -s - 37 + x = -4*o. Determine t(o).
-1
Let i(r) = -r**3 + 7*r**2 - 2*r + 9. Suppose -21 = -6*d + 9. Suppose -4*j = -d*j - 5*s - 18, -3*j = 5*s + 4. What is i(j)?
-5
Let h = -37 - -52. Suppose 0 = o + 5*c + 12, -o + 7*c = 3*c - h. Let v(q) = o*q + 0*q - 5*q. Calculate v(-1).
2
Let l = 26 + -24. Let m(n) = 3*n - 5*n**3 - l + n**3 + 3*n**3 + 0*n. What is m(-3)?
16
Let z(k) = 2*k**2 + 36*k + 6. Let o be z(-18). Let t(y) = y**3 - 5*y**2 - 8*y + 4. What is t(o)?
-8
Suppose -b - 2 = -4. Let w = b - 2. Let x(m) = 5*m + 4 + m**3 - 4*m**2 + w*m - 2*m**2. Calculate x(5).
4
Let a(p) be the third derivative of -p**4/24 - p**3 - 9*p**2. What is a(-9)?
3
Let s(n) = -n**2 - 3*n - 2. Let h be s(-2). Let w(t) be the second derivative of -t**3/6 + 7*t**2/2 - 61*t - 1. Calculate w(h).
7
Suppose 4*y = 2*b - 16, 3 = -5*y - 5*b - 2. Let g(j) = j - 2. Let x be g(4). Let c(n) = 7*n**2 - n + 4*n - 2 - 5*n**x. Calculate c(y).
7
Let v be (-6)/(-5)*10/4. Let z(w) = 6*w**2 - w + 3. Let t(j) = 7*j**2 - j + 4. Let a(q) = -5*t(q) + 6*z(q). Calculate a(v).
4
Let n(s) be the third derivative of -s**7/5040 - s**6/240 - s**5/30 + 7*s**2. Let j(t) be the third derivative of n(t). Determine j(4).
-7
Let j = -3 - -5. Let a(y) = -y**3 + 4*y**2 + 2*y - 6. Let n be a(4). Let q(x) = 2*x**j - 3*x**2 - x**3 - 3*x**n - x + x**2. Calculate q(-2).
-2
Let d = 35 + -31. Let k(n) = -3*n**2 + 9 + 4*n**2 - 7*n**2 - 3*n. Let i(c) = 5*c**2 + 2*c - 8. Let o(q) = d*k(q) + 5*i(q). What is o(3)?
-1
Let m(x) = x**3 + 7*x**2 - 8*x - 8. Let s be m(-8). Let u be 38/s - (-2)/(-8). Let q(c) = -c**2 - 6*c. Give q(u).
5
Let k(q) = -1. Let v(c) = -2*c - 5. Let g(o) = 2*k(o) + v(o). Suppose 0*j + 4*j + 5*n - 30 = 0, 0 = 2*j - 5*n. What is g(j)?
-17
Let b(w) = w**2 + 1. Let q(r) = -6*r**2 - 7*r - 9. Let n(l) = -5*b(l) - q(l). Let i(s) be the first derivative of n(s). Give i(-5).
-3
Let u(z) be the first derivative of -z**2/2 + 5*z + 6. Let a(x) = -5*x**2 - 2*x - 1. Let l be a(-1). Give u(l).
9
Suppose q + 3*q = 3*v + 16, 2*q + v - 8 = 0. Let g(s) = -2 + s**3 + 5*s**2 + 4*s + q - 3. What is g(-3)?
5
Let x(k) = -k - 2*k + 5*k - k. What is x(1)?
1
Let i(f) = -7*f**3 - 2*f**2 - 3*f - 1. Let y(p) = 8*p**3 + 3*p**2 + 4*p + 2. Let n(d) = 7*i(d) + 6*y(d). Determine n(5).
-5
Let q(r) = -1. Suppose 2*y - 4*b - 22 = 0, 2 = -3*y - b - 0. Let w(o) = o - 5. Let m(v) = y*w(v) + 4*q(v). Calculate m(4).
-5
Let i(g) be the second derivative of g**5/60 - g**4/3 + g**3/2 + g**2 + g. Let q(v) be the first derivative of i(v). Give q(5).
-12
Let r(k) be the third derivati